Let z be p(-5). Let y = 6 + z. Let j = 22 + y. Is j composite?
False
Suppose 9*q - 21222 - 12915 = 0. Is q a composite number?
False
Is 6 - (-2)/((-2957094)/(-369635) - 8) a composite number?
True
Let o = 10 + -10. Suppose o = -6*a + a - 85. Let f = 74 + a. Is f a prime number?
False
Suppose 0 = -6*g + 3*g + 21219. Let p = -4056 + g. Is p a composite number?
True
Suppose 0 = 2*u + 1 - 25. Let r = u - 7. Suppose -16 = -r*v + 4. Is v composite?
True
Let u be 9/(0 + 3/74). Suppose 108 = s + 2*p, -u = -s - s + 2*p. Suppose 0*o + 2*o - s = 0. Is o a prime number?
False
Let u be -1 + (-1269)/51 + (-10)/85. Suppose 5*z + 2*v - 38 = 2, -3*z + 24 = -5*v. Let b = z - u. Is b a prime number?
False
Let w(n) = 1662*n + 35. Is w(6) a prime number?
True
Let a be (0 - 0)/(11/11). Suppose t + 3 + a = 0, -4*h = 4*t - 228. Suppose 5*i - h = 405. Is i a prime number?
False
Suppose -3*c = -m - 10, 2*c = 3*m + 15 + 1. Let j be (-948)/(-9) + c/(-6). Suppose j = -g + 4*g. Is g composite?
True
Let l(a) be the first derivative of -1567*a**2/2 - 10. Let q be l(-1). Let h = q + -824. Is h composite?
False
Suppose 0 = 3*l - 29 + 5. Suppose 0 = -l*a + 2541 + 1883. Is a prime?
False
Let d(c) = 208*c. Let g(r) = -580*r + 3285*r + 0 + 0. Let a(h) = 40*d(h) - 3*g(h). Is a(1) prime?
False
Let u = 9 + -5. Suppose -2*r = -2*p - 164, u*r - 6*p - 333 = -p. Let t = r - 31. Is t a prime number?
False
Suppose 3 = 3*u - 75. Let a = 35 - u. Is (-966)/(-18) - 6/a composite?
False
Let k(t) = 139*t**2 - 57*t + 21. Is k(12) prime?
False
Let f = -2177 - -679. Let g = f - -3669. Is g prime?
False
Let d = 11 + -9. Let r(f) = 102*f**2 + 3*f - 3. Is r(d) a prime number?
False
Let o(d) = -355*d + 224. Is o(-9) prime?
False
Is (-1 + -3)*(-19)/380*159415 a prime number?
True
Is 25230/21 + ((-90)/(-35))/(-6) a prime number?
True
Let g be 3/1 - -4 - 2. Let n be ((-8)/g)/((-6)/15). Suppose -l + n*l = 21. Is l a prime number?
True
Let g(n) = 2*n**2 + 18*n + 17. Let j be (4/(-6))/(6/63). Let k be ((-2)/3)/(j/(-147)). Is g(k) a composite number?
False
Let u(x) = 702*x + 339. Is u(26) a composite number?
True
Let n(p) be the third derivative of -p**4/12 + 19*p**3/2 - 177*p**2. Suppose r = -4*r. Is n(r) prime?
False
Let f(s) = -900*s - 103. Is f(-15) a prime number?
True
Is (0 - (18/(-4) + 5))*-2518 a prime number?
True
Let c = 2103 - 1164. Is c composite?
True
Suppose 5*u = -4*w + 1333, -u + 5*u = 5*w + 1091. Is u prime?
True
Suppose -3*l = -2*l - 10. Suppose -499 = 9*n - l*n. Is n prime?
True
Let o = 568 + 726. Is o prime?
False
Let z = 1712 + -878. Suppose -23*c - z = -25*c. Is c prime?
False
Let f = 30986 - 20760. Is f prime?
False
Suppose 0 = 4*d + 1027 - 4383. Is d composite?
False
Let f = 96 - -73. Suppose -t + f = 5*q, -q = t - 2*q - 157. Is t composite?
True
Suppose 0 = 2*i + 7 - 33. Suppose -i*s + 15*s = 372. Suppose -285 - s = -3*y. Is y a prime number?
True
Suppose -j + 4 = 5*f, 2*j + 4*f - 32 = 6*j. Is (4/j)/(12/(-3042)) a prime number?
False
Suppose -4*h = b - 427, -2*h = 2*b - 120 - 86. Suppose 0 = 3*n - 681 + h. Is n a composite number?
False
Suppose -4*i + 3130 = -3*w, 6 + 4 = 5*w. Suppose -k = -5*d - 252, -3*k + i = d - 2*d. Suppose 0 = 4*n - 2*n - k. Is n prime?
True
Let y(s) = s**3 - 23*s**2 - 65*s - 24. Is y(29) a composite number?
False
Let c be (-1)/(-1*(-3)/(-9)). Let t(a) = 11*a**2 + 4*a + 1. Let u(q) = 10*q**2 + 4*q + 1. Let s(p) = -4*t(p) + 5*u(p). Is s(c) a prime number?
True
Let m(o) = 216*o - 43. Is m(18) a prime number?
False
Suppose b = -i + 18119, 12*i = 7*i. Is b a composite number?
False
Suppose -5*k + 26 = -d + 4*d, -4*d - 8 = -4*k. Suppose k*u = 197 + 23. Is u composite?
True
Suppose 7*v - 28 = 3*v. Suppose -12*n + v*n - 200 = 0. Let r = n + 189. Is r a composite number?
False
Suppose -943*o = -931*o - 379524. Is o a prime number?
True
Let o be -5*(-3 - (-9)/15). Let p be 6/(((-45)/o)/5). Let y(j) = -j**3 - 7*j**2 + j + 3. Is y(p) a composite number?
False
Suppose -3*x + 60400 = 5*q, 3*q + 8*x - 9*x = 36226. Is q a prime number?
False
Let o(w) = w**3 + 14*w**2 - 16*w + 2. Let a be o(-8). Suppose -5*h - 1219 = -3*q + a, 3*h = -5*q + 2911. Is q prime?
False
Let z(r) = 2829*r**2 - r - 3. Is z(-1) a composite number?
True
Let v = -45 - 891. Let l = 1433 + v. Is l prime?
False
Let d(f) = -f**3 + 4*f**2 + 4. Let o be d(4). Suppose -z + 3*z - o = 0. Is z*((-417)/(-2) - 3) prime?
False
Is 168518/28 + (2 - 7/2) prime?
False
Let j = 13 - 14. Let d(f) = -2*f**3 - 1. Let m be d(j). Is (-1)/(m + 264/(-261)) a composite number?
True
Let i(w) = -5*w**3 + 11*w**2 + 18*w - 15. Let c(j) = 4*j**3 - 10*j**2 - 17*j + 16. Let r(n) = 6*c(n) + 5*i(n). Is r(-10) a prime number?
True
Let t = 13 + -9. Is 22373/117 + t/(-18) a prime number?
True
Suppose 1959 = 2*m - n, 1989 = 2*m - 0*m + 5*n. Let c = -441 + m. Is c prime?
True
Let n be 2/(4/6) + 1. Suppose -n*f = -1162 - 1370. Is f composite?
True
Suppose -n + 10 = 4. Let s(y) = 33*y - 5. Let x be s(n). Is x + (1 + 0 - 3) a composite number?
False
Suppose -2146 = -y - 861. Is y a prime number?
False
Let a = 11332 + -6471. Is a a composite number?
False
Is (-8)/28 - (-11016)/42 a composite number?
True
Suppose 4*y + 5*m - 13949 = 0, 2*m - 4294 - 13155 = -5*y. Is y prime?
True
Let a(m) = 8355*m + 814. Is a(5) a prime number?
True
Let l = 24 - 36. Let c = l - -43. Let m = 60 + c. Is m prime?
False
Suppose 0 = 3*w - 51 - 12. Let m = 91 + -56. Let v = m - w. Is v composite?
True
Suppose a - 6*a = -2*k - 20, 20 = 5*a + 4*k. Is (19197/(-6))/(-3) + 2/a a composite number?
True
Let h = -6470 - -11643. Is h a prime number?
False
Let k(w) = -w**3 - 8*w**2 - 6*w - 11. Let g be k(-8). Let n = g + -30. Suppose 0 = -14*m + n*m + 3451. Is m a prime number?
False
Let n = 102226 - 54689. Is n prime?
False
Let s(j) = 2*j**3 + 4*j**2 + 3*j + 1. Let y(q) = -q - 8. Let d be y(-6). Let z be s(d). Is (-75)/(-1) - (z - -3) a composite number?
True
Suppose 3*z = -5*m - 5, -3 = 3*m + z + z. Let s(k) = 1973*k**2 + k + 1. Is s(m) a composite number?
False
Let j(p) = 221*p**3 - 11*p - 11. Let c(n) = -111*n**3 + 5*n + 5. Let f(o) = -9*c(o) - 4*j(o). Is f(2) composite?
True
Suppose -5*v = 3*n - 6409, -3*n = -5*v + 2539 + 3852. Suppose 3*k = h - v, 0 = 2*h - k + 2*k - 2567. Is h a prime number?
True
Suppose -l = l + 4*x + 2, -3*x + 6 = 0. Is 209/(5*l/(-25)) composite?
True
Let y(n) = 2*n + 11. Let a be y(-8). Is (a - -2078)/(3/11) a prime number?
False
Let k be (-18)/(-3)*(-540)/8. Let u = k - -1064. Is u a prime number?
True
Let t be 12/1*3/9. Let r be 7919/8 + (-50)/(-16) + -3. Suppose -188 = -w + 3*p, 5*w - p - r = t*p. Is w prime?
False
Let i(u) = 10*u**3 - 6*u**2 - u - 2. Let q be 5/(-2)*(-12)/10. Is i(q) a prime number?
True
Let q(h) = -4*h - 5. Let c be q(-3). Suppose -4*w = -8 - 4, 0 = 2*v + w - c. Is 1/v*(444 + 2) a prime number?
True
Suppose -3*o + 2*k + 93045 = 0, -2*k + 52041 + 40992 = 3*o. Is o prime?
True
Suppose -r - r - 15 = -5*y, 4*r = 0. Let n = y - 5. Is (n/(-4))/(8/8656) a composite number?
False
Let y(v) = 6*v**2 - v. Let w be y(1). Suppose -11 = -3*m - q, 2*m - 2 + 6 = w*q. Suppose -118 = -2*f + 2*l, l + m*l - 94 = -2*f. Is f composite?
True
Let y be 60/7 + 15/35. Let x(m) = 9 + 11*m**2 + 8*m**2 - 4*m**2 + y*m - 4*m**2. Is x(-7) prime?
False
Suppose -f - 3*j - 26 = -3, f + 37 = 4*j. Let n = f + 19. Is (n + 11)*(-1 + 294) a composite number?
False
Suppose 18 = w + 4*x, -4*w = -x - 2*x + 4. Suppose -w*b + 86 = -0. Is b a composite number?
False
Is ((-2)/(-3))/(2/37173) a composite number?
False
Suppose -2*c - 4*r - 150 = 0, -r - r = 4*c + 318. Is (-6)/27 - 49671/c a composite number?
False
Let w = 19 - 17. Suppose -2*l + 8 = w. Is (-2055)/((-9)/l) + -2 prime?
True
Let u(y) = 29*y**3 - 3*y**2 + y. Let m = 11 + -9. Let r be u(m). Suppose -c = c - r. Is c prime?
False
Suppose 5*m - 42 + 6 = -2*o, o = 4*m - 21. Suppose -12*g = -m*g - 3798. Is g composite?
True
Let d = 113 + -80. Suppose -d = -j + x, x + 97 + 72 = 5*j. Is j a composite number?
True
Let d = 58490 - 31831. Is d a prime number?
False
Let d(u) = -18*u**2 + 3*u + 5. Let l be d(-5). Is (2 + 15/(-6))/(2/l) composite?
True
Suppose -8081 = -2*b + 3933. Is b prime?
True
Suppose 5*c - 2*f = 3*f + 15, 2*c - f = 8. Suppose 0 = -4*q - s + 3, -2*q + q + 5*s - 15 = 0. Suppose q*w = 3*p - 4*w - 41, 5 = c*w. Is